{"id":706,"date":"2018-07-25T12:08:28","date_gmt":"2018-07-25T12:08:28","guid":{"rendered":"http:\/\/maizieres-54550.fr\/?page_id=706"},"modified":"2019-01-02T07:51:27","modified_gmt":"2019-01-02T07:51:27","slug":"11-novembre-2","status":"publish","type":"page","link":"https:\/\/maizieres-54550.fr\/?page_id=706","title":{"rendered":"11 novembre"},"content":{"rendered":"<p>Chaque ann\u00e9e la municipalit\u00e9 organise deux manifestations \u00e0 la m\u00e9moire des disparus des guerres.<\/p>\n<p>2014-2018 Centenaire de la premi\u00e8re guerre mondiale Maizi\u00e8res a perdu 21 de ses enfants.<\/p>\n<p>Une premi\u00e8re manifestation \u00e0 \u00e9t\u00e9 organis\u00e9e le 11 Novembre 2014<\/p>\n<p><img decoding=\"async\" loading=\"lazy\" class=\"alignnone size-medium\" src=\"http:\/\/verger.maizieres-54550.fr\/images\/Nov2014\/Silencesm.jpg\" width=\"340\" height=\"226\"><a href=\"http:\/\/verger.maizieres-54550.fr\/images\/Nov2014\/album\/index.html\" target=\"_blank\" rel=\"noopener\">Voir la manifestation<\/a><\/p>\n\n\n<p>2018 sera la conclusion du centenaire avec l\u2019hommage aux disparus   de ce  conflit d&rsquo;une ampleur sans pr\u00e9c\u00e9dent.  <\/p>\n\n\n\n<p>Cette manifestation sera  suivie d&rsquo;une c\u00e9r\u00e9monie reprise des comm\u00e9morations qui ont eu lieu en France apr\u00e8s l&rsquo;armistice de 1918, la plantation de l&rsquo;arbre de la libert\u00e9 dans le parc Municipal, et suivi du traditionnel pot de l&rsquo;amiti\u00e9 \u00e0 la salle polyvalente ou une exposition retra\u00e7ait la vie de nos concitoyens pendant ce conflit.<\/p>\n\n\n\n\n\n<div class=\"ngg-galleryoverview ngg-slideshow\"\n\t id=\"ngg-slideshow-d7b50c4dcb8f57c36d3a245ba5f05597-14943379900\"\n     data-gallery-id=\"d7b50c4dcb8f57c36d3a245ba5f05597\"\n     style=\"max-width: 600px; max-height: 400px;\">\n\n \t<div id=\"ngg-image-0\" class=\"ngg-gallery-slideshow-image\" style=\"height:400px\">\n\n        <a href=\"https:\/\/maizieres-54550.fr\/wp-content\/gallery\/centenaire-2018\/20181111_114314.jpg\"\n           title=\"\"\n           data-src=\"https:\/\/maizieres-54550.fr\/wp-content\/gallery\/centenaire-2018\/20181111_114314.jpg\"\n           data-thumbnail=\"https:\/\/maizieres-54550.fr\/wp-content\/gallery\/centenaire-2018\/thumbs\/thumbs_20181111_114314.jpg\"\n           data-image-id=\"27\"\n           data-title=\"20181111_114314\"\n           data-description=\"\"\n           class=\"ngg-fancybox\" rel=\"d7b50c4dcb8f57c36d3a245ba5f05597\">\n\n            <img data-image-id='27'\n                 title=\"\"\n                 alt=\"20181111_114314\"\n                 src=\"https:\/\/maizieres-54550.fr\/wp-content\/gallery\/centenaire-2018\/20181111_114314.jpg\"\n                 style=\"max-height: 380px;\"\/>\n        <\/a>\n\n        <\/div> \n<div id=\"ngg-image-1\" class=\"ngg-gallery-slideshow-image\" style=\"height:400px\">\n\n        <a href=\"https:\/\/maizieres-54550.fr\/wp-content\/gallery\/centenaire-2018\/20181111_114444.jpg\"\n           title=\"\"\n           data-src=\"https:\/\/maizieres-54550.fr\/wp-content\/gallery\/centenaire-2018\/20181111_114444.jpg\"\n           data-thumbnail=\"https:\/\/maizieres-54550.fr\/wp-content\/gallery\/centenaire-2018\/thumbs\/thumbs_20181111_114444.jpg\"\n           data-image-id=\"28\"\n           data-title=\"20181111_114444\"\n           data-description=\"\"\n           class=\"ngg-fancybox\" rel=\"d7b50c4dcb8f57c36d3a245ba5f05597\">\n\n            <img data-image-id='28'\n                 title=\"\"\n                 alt=\"20181111_114444\"\n                 src=\"https:\/\/maizieres-54550.fr\/wp-content\/gallery\/centenaire-2018\/20181111_114444.jpg\"\n                 style=\"max-height: 380px;\"\/>\n        <\/a>\n\n        <\/div> \n<div id=\"ngg-image-2\" class=\"ngg-gallery-slideshow-image\" style=\"height:400px\">\n\n        <a href=\"https:\/\/maizieres-54550.fr\/wp-content\/gallery\/centenaire-2018\/20181111_114645.jpg\"\n           title=\"\"\n           data-src=\"https:\/\/maizieres-54550.fr\/wp-content\/gallery\/centenaire-2018\/20181111_114645.jpg\"\n           data-thumbnail=\"https:\/\/maizieres-54550.fr\/wp-content\/gallery\/centenaire-2018\/thumbs\/thumbs_20181111_114645.jpg\"\n           data-image-id=\"29\"\n           data-title=\"20181111_114645\"\n           data-description=\"\"\n           class=\"ngg-fancybox\" rel=\"d7b50c4dcb8f57c36d3a245ba5f05597\">\n\n            <img data-image-id='29'\n                 title=\"\"\n                 alt=\"20181111_114645\"\n                 src=\"https:\/\/maizieres-54550.fr\/wp-content\/gallery\/centenaire-2018\/20181111_114645.jpg\"\n                 style=\"max-height: 380px;\"\/>\n        <\/a>\n\n        <\/div> \n<div id=\"ngg-image-3\" class=\"ngg-gallery-slideshow-image\" style=\"height:400px\">\n\n        <a href=\"https:\/\/maizieres-54550.fr\/wp-content\/gallery\/centenaire-2018\/20181111_114651.jpg\"\n           title=\"\"\n           data-src=\"https:\/\/maizieres-54550.fr\/wp-content\/gallery\/centenaire-2018\/20181111_114651.jpg\"\n           data-thumbnail=\"https:\/\/maizieres-54550.fr\/wp-content\/gallery\/centenaire-2018\/thumbs\/thumbs_20181111_114651.jpg\"\n           data-image-id=\"30\"\n           data-title=\"20181111_114651\"\n           data-description=\"\"\n           class=\"ngg-fancybox\" rel=\"d7b50c4dcb8f57c36d3a245ba5f05597\">\n\n            <img data-image-id='30'\n                 title=\"\"\n                 alt=\"20181111_114651\"\n                 src=\"https:\/\/maizieres-54550.fr\/wp-content\/gallery\/centenaire-2018\/20181111_114651.jpg\"\n                 style=\"max-height: 380px;\"\/>\n        <\/a>\n\n        <\/div> \n<div id=\"ngg-image-4\" class=\"ngg-gallery-slideshow-image\" style=\"height:400px\">\n\n        <a href=\"https:\/\/maizieres-54550.fr\/wp-content\/gallery\/centenaire-2018\/20181111_114859.jpg\"\n           title=\"\"\n           data-src=\"https:\/\/maizieres-54550.fr\/wp-content\/gallery\/centenaire-2018\/20181111_114859.jpg\"\n           data-thumbnail=\"https:\/\/maizieres-54550.fr\/wp-content\/gallery\/centenaire-2018\/thumbs\/thumbs_20181111_114859.jpg\"\n           data-image-id=\"31\"\n           data-title=\"20181111_114859\"\n           data-description=\"\"\n           class=\"ngg-fancybox\" rel=\"d7b50c4dcb8f57c36d3a245ba5f05597\">\n\n            <img data-image-id='31'\n                 title=\"\"\n                 alt=\"20181111_114859\"\n                 src=\"https:\/\/maizieres-54550.fr\/wp-content\/gallery\/centenaire-2018\/20181111_114859.jpg\"\n                 style=\"max-height: 380px;\"\/>\n        <\/a>\n\n        <\/div> \n<div id=\"ngg-image-5\" class=\"ngg-gallery-slideshow-image\" style=\"height:400px\">\n\n        <a href=\"https:\/\/maizieres-54550.fr\/wp-content\/gallery\/centenaire-2018\/PICT0761.JPG\"\n           title=\"\"\n           data-src=\"https:\/\/maizieres-54550.fr\/wp-content\/gallery\/centenaire-2018\/PICT0761.JPG\"\n           data-thumbnail=\"https:\/\/maizieres-54550.fr\/wp-content\/gallery\/centenaire-2018\/thumbs\/thumbs_PICT0761.JPG\"\n           data-image-id=\"32\"\n           data-title=\"Traveler DC 120\"\n           data-description=\"\"\n           class=\"ngg-fancybox\" rel=\"d7b50c4dcb8f57c36d3a245ba5f05597\">\n\n            <img data-image-id='32'\n                 title=\"\"\n                 alt=\"Traveler DC 120\"\n                 src=\"https:\/\/maizieres-54550.fr\/wp-content\/gallery\/centenaire-2018\/PICT0761.JPG\"\n                 style=\"max-height: 380px;\"\/>\n        <\/a>\n\n        <\/div> \n<\/div>\n\n\n\t\t<!-- Thumbnails Link -->\n\t<div class=\"slideshowlink\" style=\"max-width: 600px;\">\n        <a href='https:\/\/maizieres-54550.fr\/index.php\/nggallery\/thumbnails?page_id=706'>[Montrer sous forme de vignettes]<\/a>\n\t<\/div>\n\n\n","protected":false},"excerpt":{"rendered":"<p>Chaque ann\u00e9e la municipalit\u00e9 organise deux manifestations \u00e0 la m\u00e9moire des disparus des guerres. 2014-2018 Centenaire de la premi\u00e8re guerre mondiale Maizi\u00e8res a perdu 21 de ses enfants. Une premi\u00e8re manifestation \u00e0 \u00e9t\u00e9 organis\u00e9e le 11 Novembre 2014 Voir la manifestation 2018 sera la conclusion du centenaire avec l\u2019hommage aux disparus de ce conflit d&rsquo;une [&hellip;]<\/p>\n","protected":false},"author":1,"featured_media":0,"parent":0,"menu_order":0,"comment_status":"closed","ping_status":"closed","template":"","meta":{"ngg_post_thumbnail":0},"_links":{"self":[{"href":"https:\/\/maizieres-54550.fr\/index.php?rest_route=\/wp\/v2\/pages\/706"}],"collection":[{"href":"https:\/\/maizieres-54550.fr\/index.php?rest_route=\/wp\/v2\/pages"}],"about":[{"href":"https:\/\/maizieres-54550.fr\/index.php?rest_route=\/wp\/v2\/types\/page"}],"author":[{"embeddable":true,"href":"https:\/\/maizieres-54550.fr\/index.php?rest_route=\/wp\/v2\/users\/1"}],"replies":[{"embeddable":true,"href":"https:\/\/maizieres-54550.fr\/index.php?rest_route=%2Fwp%2Fv2%2Fcomments&post=706"}],"version-history":[{"count":11,"href":"https:\/\/maizieres-54550.fr\/index.php?rest_route=\/wp\/v2\/pages\/706\/revisions"}],"predecessor-version":[{"id":880,"href":"https:\/\/maizieres-54550.fr\/index.php?rest_route=\/wp\/v2\/pages\/706\/revisions\/880"}],"wp:attachment":[{"href":"https:\/\/maizieres-54550.fr\/index.php?rest_route=%2Fwp%2Fv2%2Fmedia&parent=706"}],"curies":[{"name":"wp","href":"https:\/\/api.w.org\/{rel}","templated":true}]}}